 - -123)?
-138
What is the value of 3 - (-68 + 61 - (1 + -15) - (52 - 11))?
37
What is the value of -5 + (-17 - (-63 + 28)) - -9?
22
(79 - 23) + (1 - 23) - -22
56
Evaluate 15 + 16 + 2 - 85.
-52
Calculate -27 + 65 + 15 + 13 + -27.
39
(-95 - 1) + (1428 - 1445)
-113
Evaluate 88 + 20 + (-47 - -27 - -42).
130
What is the value of -1 + (-99 - -124) + (1 - -31)?
56
Calculate (-9 + (-15 + 16 - -5) - 10) + 57.
44
Evaluate (57 + -46 - (15 - (-12 + 1))) + 0 + -24.
-39
Calculate 12 - 4 - (-107 + (13 - 14) + 1).
115
Evaluate 4 + -23 + 9 - (-11 - 9).
10
Calculate -52 - (9 - (4 + -24 + 9 + 1) - 8).
-63
What is -19 - 16 - (-16 + -57)?
38
-50 + (123 - (89 - 35))
19
Evaluate (15 - 80 - -28) + -11.
-48
Calculate -27 + (-43 - (35 - 46)).
-59
-19 - (68 + -45 + -39)
-3
What is the value of -1 + 30 + (0 - (118 + -64))?
-25
-6 + (-6 - -2) + (-6 - -25) + 80
89
What is the value of -28 + 87 + (-116 - 27)?
-84
Calculate (-40 - (-14 + 2) - -38) + (3 - -11).
24
Calculate -12 + (1 - 1) - (50 - (89 - 50 - 58)).
-81
What is the value of -2 + -4 + -25 + 14 + -33 + -13?
-63
What is -2486 + 2499 - ((2 - 2) + -1) - (-1 - -120)?
-105
What is the value of -16 + -16 - (-5 - (-10 + -6 + 13 - 0))?
-30
What is (4 + -11 - (1 + 7 + -11)) + (65 - 1)?
60
6 + -1 - -2 - 1 - (1 - 7)
12
What is -22 - (6 + (-43 - -9))?
6
What is the value of (-104 + 90 - (-4 + -10)) + -74 + -1?
-75
Evaluate 17 + (-2 - 16) + 2 + 71.
72
Calculate -2 + -15 + 34 + 1 - (-4 + -6 - -2).
26
(10 - -67 - 88) + 102
91
-2 - -16 - (26 + (-6 - 20) + 0)
14
2 + -3 + (8 - (4 - -9)) - -7
1
Evaluate (12 - (11 - 3)) + 44 + (-11 - -2).
39
What is the value of 42 + 17 + -15 + 51 + -35?
60
Calculate -2 - -9 - (-773 - -844).
-64
What is the value of (-485 - -481) + (3 - -58)?
57
551 - 594 - (13 + -5 - 4)
-47
What is the value of -70 - ((-60 - -24) + 40)?
-74
499 + -565 - (3 - (2 - (5 - (2 + 2))))
-68
Evaluate 0 - (-95 - (-26 + -26)).
43
Calculate -78 - -74 - (-26 - -12).
10
Evaluate -287 - -310 - (3 - -13).
7
Evaluate (82 - (94 + -58)) + -52 + (-10 - -1).
-15
What is (-8 + -5 + 2 - -2) + (25 - 22)?
-6
What is the value of -13 + 14 + 53 + -34 + 42?
62
What is -12 - (28 - 35) - (-63 + -2 + -3)?
63
Evaluate -22 - -34 - (-3 - -2) - (-18 + -25 - 51).
107
Evaluate -32 - -1 - (-62 - (-119 + 70)).
-18
27 + 13 - 44 - (1 + 6) - -76
65
Evaluate 42 + (-28 - (4 - -7)).
3
What is -3690 + 3673 + 0 + 1 + -16?
-32
Evaluate 54 - 29 - (-33 - -96).
-38
What is -4 + (26 - 26) + 11 + (32 - 14)?
25
Calculate 1 - ((-14 - -27) + 39 - -14).
-65
Evaluate 283 - ((-26 - -79) + 89).
141
Calculate -59 - (20 + -118 + 26).
13
Evaluate (6 + -16 - (7 - (-10 + 16))) + 6.
-5
(71 - 29 - -60) + -42
60
What is the value of (4 - (120 - (-6 - -4))) + (29 - 10)?
-99
-568 - -602 - (45 + 1)
-12
What is -8104 + 8342 + -156 + -1?
81
Evaluate 58 + (-1 + (1 - 8 - -5) - (0 + 2)).
53
-29 + 7 - 70 - (6 + 1 + -16 + -4)
-79
What is -6 - (37 + (16 - 33) - -3)?
-29
What is 13 - (-64 + -1 + 0 - (30 - (61 - 22)))?
69
What is the value of -7 + 72 + -5 - (-45 + (11 - -34))?
60
Evaluate 20 + -32 - 4 - 7 - -20.
-3
84 + -283 + 115 + 115
31
Calculate (3 - 62) + (-28 - -31 - 19) + -3.
-78
Calculate -154 - -32 - -97 - 59.
-84
(-3 - -7 - -2) + -3 - (870 + -807)
-60
-5 - (5 - -1) - (-11 + (20 - 26))
6
Evaluate -1 - 2 - 11 - (1231 - 1259).
14
Calculate (13 - 62) + (-18 - (0 + -2)) + -132 + 140.
-57
What is the value of -18 + -36 + 19 + 30 - (-11 - 1)?
7
Evaluate 24 - (-4 + 1 - (-242 + 254) - -7).
32
What is the value of (0 - 5) + 16 - (53 + -24 - 81)?
63
What is the value of -21 + 88 + -16 + 10 - 26?
35
What is the value of 4 + -98 - (-335 + 135)?
106
63 + 3 + -2 + 1 + -17 + (333 - 308)
73
-45 + -57 + 145 + -62
-19
15 + -42 - -33 - -92
98
What is the value of (3 - 24) + 6 + -1 + (42 - 62) + 20?
-16
Evaluate (-43 - (22 + -70)) + (5 - 4) + 6.
12
What is the value of 978 + -938 - (-2 - -1 - 7)?
48
-191 + 186 + (19 - 1)
13
What is the value of (3 + (-10 - 20) - -97) + -22?
48
8 + (-19 - -49) - (-6 + -5)
49
Calculate 8 + -4 - (0 + -11 - -71) - -9.
-47
Calculate -71 - (-65 + -15 + 45).
-36
What is (0 - 32) + (84 - (125 + -49))?
-24
Calculate (0 - -2 - (-234 + 209)) + -102.
-75
Evaluate -18 - ((70 - 66) + 87).
-109
Evaluate (-311 - -277) + (11 - 0) - (-36 - -22).
-9
What is (4 - 6 - -2) + 18 + -40 + (-6 - 11)?
-39
Calculate -17 - (46 + -33) - -8.
-22
What is the value of 4 + (-73 - -25 - -54)?
10
91 - (-123 + 66 + 129)
19
Evaluate 55 + -20 + -30 - 37.
-32
16 - -1 - -2 - (960 + -1016)
75
What is 2 + 1 + -5 + (-2 - -20) + -80 + 75?
11
Evaluate (-49 + 7 - -94) + -106.
-54
Calculate 41 + ((-123 - -204) + -96 - (-7 + 0)).
33
What is the value of -84 + 97 - (0 + 6 + -106 + 6 + 7)?
100
-10 - (-7 + 4 + -2 - -15 - 5 - 0)
-15
Calculate 1 - ((18 + 1 - (-76 - -83)) + 2 + -34).
21
Evaluate -9 - (10 + -2 + (50 - (44 - 60))).
-83
What is the value of (2 - -10) + (32 - 24 - -23 - -6)?
49
Calculate (19 - 48) + -38 + 18.
-49
Evaluate 2 - (40 + -53 + (2 - -52)).
-39
What is the value of 16 + -18 - 98 - (-2 + (8 - 21))?
-85
What is 2 + 0 + 2 - (8118 - 8221) - 11?
96
-43 - -4 - ((-28 - -15) + -2)
-24
Calculate 104 + -51 + 177 + -153.
77
What is -11 + 7 + (-2 - -6) - (60 + -14 + 6)?
-52
(-8 - 7 - -10 - -12) + -32 - 1
-26
-21 - (14 - ((-1 - -9) + -23))
-50
Evaluate 101 + -255 - -148 - (-122 + (2 - 4) - -2).
116
Calculate -73 - (-53 + 25 + -26).
-19
(41 - 75 - 28) + 31
-31
Evaluate 34 + 0 + -15 + -23 + (7 - -27).
30
What is the value of 19 - (-13 - -1) - (175 - 70)?
-74
Calculate 9 + -10 - 6 - 4 - (11 + -4 + 23).
-41
What is the value of 7 + 17 - 26 - 6 - (-2 + -19)?
13
What is the value of 39 - (6 - -30) - (-40 - -2)?
41
What is the value of 120 + -180 + 33 + 2 + 27?
2
What is -2 + (-11 + (22 - 10) - (-2 + 0)) + -48?
-47
What is the value of 32 + (170 - 84) + (-36 - 4)?
78
-18 - (-3 + (-74 - -20)) - 8
31
What is the value of 21 + 0 - (98 + -102 - -11) - -61?
75
What is the value of (-18 - -4) + (-29 - -60) + -63?
-46
Calculate 157 + -146 - (5 + 1 + 2 - 9 - -46).
-34
Evaluate (58 - -16) + -2 + 5 + (-761 - -744).
60
Calculate 47 + -1 + 13 - -2 - -9.
70
11 - (-27 - (16 + -31))
23
Calculate -52 + -4 - (539 - 584).
-11
What is -9 + (7 - (13 - 26) - 12) + -23?
-24
What is the value of -34 - ((29 - 104) + 27) - -4?
18
(3 - (-37 + 26 + 13)) + 25
26
What is (-132 - ((0 - 0) + -2)) + 24 + (98 - 107)?
-115
What is (-41 - (4 + -4 + -16)) + 1?
-24
Calculate 6 + -9 + 6 + 12 + -5.
10
(-22 - -3) + (-7 + 13 - (-1 - (-13 + 14)))
-11
Calculate (41 - 65 - (-5 - -1)) + (7 - 10).
-23
What is the value of -4 + -3 - (22 + -7 + 49 + 15)?
-86
What is the value of 46 - -141 - 96 - -24?
115
Calculate -355 + 231 - (-15 + 6 + -2 + -3 + 2).
-112
What is 2 - (35 + (29 - 35))?
-27
What is the value of -51 + 55 - (19 - (-29 + 10))?
-34
What is the value of 703 - 816 - (9 + -21)?
-101
31 + -3 + -11 + 18 + (-4 - 0)
31
-35 - (-59 + 44) - (-13 + -1) - 8
-14
What is 63 - (-8 + 8) - (16 - (-4 + 33))?
76
What is the value of (3 - (-2 + 2)) + -10 + 4 + (7 - 6)?
-2
Evaluate (7 - (4 - -12)) + -14 + 4 + -2.
-21
What is -535 + 526 + -1 + (30 + -1 - 1)?
18
Evaluate (-121 - -65 - -41) + 15.
0
Evaluate (1 - -11) + (-14 - (38 + (5 - 15) + 85)).
-115
(26 + -98 - -53) + 21
2
691 + -754 + -5 + -15 + 10
-73
What is (-43 - -38 - -1 - (-7 + 1)) + 20?
22
(58 - (5 + 11 + -8)) + (32 - 18)
64
-8 - (12 - (-19 + 36 + 0 + 0))
-3
Calculate (9 - -2) + 2 + (32 + 3 - 1).
47
Calculate 54 - (-19 + (2 + -21 - (123 - 157))).
58
What is the value of -10 + -3 - 1 - -27 - (9 + 0)?
4
Evaluate -107 + (-37 - (66 + -159)).
-51
What is the value of -6 + 15 - 0 - (48 - (0 + 9))?
-30
Calculate -44 + -37 + 62 + -7.
-26
What is ((4 - 0) + -2 - 0 - -2) + 119 + -172?
-49
Calculate -9 + 13 + (-57 - 1 - (-51 + 36)) + -13.
-52
What is (-1 - (4 - 0)) + (175 - 135) + -53?
-18
What is 33 - (-25 - (0 + -39))?
19
Calculate (-8 + (-15 - -8) + -4 - (-14 - -6)) + -77.
-88
What is 4 + 18 + (9 - (12 + -16 + 9 + 4))?
22
Evaluate -126 - -120 - (-8 + 67 - 3 - (6 + 0)).
-56
33 + 9 - (52 + -19)
9
Evaluate (127 + -55 - 30) + -46.
-4
57 - ((76 + -76 - (-2 - (-2 - 0))) + 5)
52
What is the value of (-10 + 6 + 12 - 4) + 82 + -20?
66
What is the value of -119 - (-45 - 149) - 28?
47
What is the value of (24 - 6 - (-34 + 12)) + 14?
54
(44 + -21 - 30) + 23 + 0 + -54
-38
What is the value of -31 - (18 - (-9 + 20 + 7))?
-31
Calculate 36 